
-111012212
In base 12, what is 0 - -89230?
89230
In base 14, what is 99b + -3b?
960
In base 15, what is -1 - 29955?
-29956
In base 6, what is 132 + 101345?
101521
In base 2, what is 1111011100110001 + -1000?
1111011100101001
In base 10, what is 477 - 13?
464
In base 16, what is -19a7 - 50?
-19f7
In base 4, what is -221322212100 + -11?
-221322212111
In base 15, what is -2c - -b802?
b7c5
In base 4, what is -12 + 22110210?
22110132
In base 15, what is 1e - -7bc?
7db
In base 10, what is 4 - -730?
734
In base 2, what is 101 - -10010010111?
10010011100
In base 12, what is 48b01 + 6?
48b07
In base 7, what is -132 + -202?
-334
In base 9, what is 404488 + -5?
404483
In base 10, what is -1534 - -204?
-1330
In base 15, what is 13908 - 4?
13904
In base 12, what is -4 + -151a?
-1522
In base 15, what is 500 + -57d?
-7d
In base 9, what is 5 - -1080164?
1080170
In base 5, what is -431331 + 2341?
-423440
In base 9, what is 2 + -155487?
-155485
In base 2, what is 1010 - -10010000001?
10010001011
In base 5, what is -1121 - 1241442?
-1243113
In base 11, what is -1 - 1153?
-1154
In base 8, what is 1216 + -541?
455
In base 13, what is -43b3 + 94?
-431c
In base 13, what is 636bc + -3?
636b9
In base 2, what is -10011010101111 - 100?
-10011010110011
In base 4, what is 213122023 + 3?
213122032
In base 12, what is bba - -96b?
1969
In base 11, what is 4 + 5648?
5651
In base 3, what is 201001010220 + 12?
201001011002
In base 10, what is -27919 + -2?
-27921
In base 8, what is -2 - -107121?
107117
In base 4, what is 11201 - 3010?
2131
In base 16, what is -6149d + -2?
-6149f
In base 13, what is bac40 - 0?
bac40
In base 6, what is -155 + 152435?
152240
In base 3, what is -1020101221112 - -2?
-1020101221110
In base 6, what is -242 + 524532?
524250
In base 15, what is 347 + b68?
eb0
In base 14, what is c4 + -1b3?
-cd
In base 9, what is 15763 - 5?
15757
In base 4, what is -103 + 1031221?
1031112
In base 12, what is -30a76 - -3?
-30a73
In base 13, what is -331ab - 10?
-331bb
In base 15, what is -30969 + -10?
-30979
In base 7, what is 2 - -144060?
144062
In base 9, what is 41 - -817?
858
In base 7, what is -245 + 153?
-62
In base 12, what is 7 + 6a6a?
6a75
In base 16, what is 89 - -681?
70a
In base 2, what is 10000 - 1111100011111?
-1111100001111
In base 4, what is -2310311 - -2?
-2310303
In base 13, what is -5 + -918?
-920
In base 11, what is -1812 - -638?
-1185
In base 6, what is 34235 + 1054?
35333
In base 4, what is -12 - 100111003?
-100111021
In base 4, what is 2 + -2311130203?
-2311130201
In base 2, what is 1 + 1001011110?
1001011111
In base 5, what is 41003 - 323?
40130
In base 14, what is 82 + -a687?
-a605
In base 3, what is -121120 - -2?
-121111
In base 6, what is 101132 + 1255?
102431
In base 5, what is -144100 + -1422?
-201022
In base 6, what is -111124 - -21?
-111103
In base 6, what is 2 - -500431?
500433
In base 7, what is 224344 + -35?
224306
In base 10, what is -1 - 791222?
-791223
In base 9, what is -785753 - -5?
-785747
In base 10, what is -12060 - -9?
-12051
In base 4, what is -11 - -232223121?
232223110
In base 2, what is -111101 + 10000001000?
1111001011
In base 4, what is -21023210 - 23?
-21023233
In base 6, what is -25530452 - 3?
-25530455
In base 5, what is 0 - -2241420?
2241420
In base 7, what is -462 + -2541?
-3333
In base 15, what is -beb + -20?
-c1b
In base 11, what is 3662 + -4?
3659
In base 11, what is 70a + 13?
722
In base 8, what is -5457 - 2?
-5461
In base 6, what is 3 - -3115522?
3115525
In base 10, what is 584528 - 5?
584523
In base 12, what is -4a6b1 - 1?
-4a6b2
In base 2, what is -1000000110 + 10100?
-111110010
In base 4, what is -21223 + -203?
-22032
In base 16, what is -5 + -5d73?
-5d78
In base 14, what is -11a421 + -2?
-11a423
In base 9, what is -4 - 345458?
-345463
In base 4, what is -103201 - -12121?
-31020
In base 7, what is -4 + 62601?
62564
In base 4, what is 11 + -2020113?
-2020102
In base 15, what is -2a4 + -18a7?
-1b5b
In base 15, what is 285b + 2?
285d
In base 3, what is -1001 - 1020122211?
-1020200212
In base 2, what is 11 - 1001000100101110?
-1001000100101011
In base 9, what is 1 - 1346883?
-1346882
In base 3, what is 1220122 + 102?
1221001
In base 8, what is 5 - -2524442?
2524447
In base 15, what is be2ed - 7?
be2e6
In base 7, what is -14525 + -1262?
-16120
In base 2, what is 1100111 + -10010011100000?
-10010001111001
In base 9, what is -15 + 7387?
7372
In base 12, what is 72ba + -35?
7285
In base 2, what is -1111110011101011000 + 10?
-1111110011101010110
In base 16, what is 157e + 0?
157e
In base 4, what is 3300 + -3012132?
-3002232
In base 5, what is 1024 - 22033?
-21004
In base 14, what is 2d + 5797?
57c6
In base 15, what is -146 + -7a?
-1c1
In base 8, what is 610 - 721?
-111
In base 7, what is -115 + -62443?
-62561
In base 5, what is -312430 + -420?
-313400
In base 2, what is 110001001 + -10101010?
11011111
In base 14, what is a6c4 - -5?
a6c9
In base 15, what is -69 + -5d?
-c7
In base 7, what is 46526 + -2?
46524
In base 16, what is -5 + -45775?
-4577a
In base 7, what is 460552 - -5?
460560
In base 12, what is -2b46 - -46?
-2b00
In base 4, what is -22232300 - 10?
-22232310
In base 13, what is -125269 + -8?
-125274
In base 2, what is 11101001111101 - -1010?
11101010000111
In base 13, what is 36a + -111?
259
In base 2, what is 111 + 1010001101101110?
1010001101110101
In base 11, what is -6a213 + 2?
-6a211
In base 9, what is -8125470 + 2?
-8125467
In base 9, what is -1 + -14122?
-14123
In base 11, what is 3 + -14958?
-14955
In base 11, what is 547a + 3?
5482
In base 2, what is 1000110 + -1111?
110111
In base 9, what is -6 - -24545?
24538
In base 14, what is -2 - -bdca?
bdc8
In base 12, what is -53480 + 4?
-53478
In base 14, what is -62cb58 + 2?
-62cb56
In base 2, what is 1110001 - -111101111?
1001100000
In base 3, what is -100011220220 - 0?
-100011220220
In base 15, what is 0 - 209456?
-209456
In base 8, what is -25722 + 32?
-25670
In base 13, what is -3 + -cbb8?
-cbbb
In base 2, what is -10100101110000111 + -11100?
-10100101110100011
In base 11, what is -18 - -1002?
a95
In base 14, what is 6bb36 + 2?
6bb38
In base 6, what is -44 - -4?
-40
In base 14, what is -31 + 530?
4dd
In base 13, what is 526 - -8?
531
In base 5, what is -1110410 + 1030?
-1104330
In base 8, what is 17340306 + 2?
17340310
In base 11, what is 0 + 6a91a?
6a91a
In base 13, what is -2 - -2cb5?
2cb3
In base 11, what is 64897 - -5?
648a1
In base 7, what is 32 + 1642?
2004
In base 9, what is -124286 - 10?
-124306
In base 11, what is 277 + -6752?
-6486
In base 6, what is 2504 + 1504?
4412
In base 8, what is -2542 - -322?
-2220
In base 14, what is -3 - b946?
-b949
In base 4, what is 21031113 - -32?
21031211
In base 6, what is -1432 + 1?
-1431
In base 7, what is 4 + -505505?
-505501
In base 13, what is -2351 - 8?
-2359
In base 2, what is -110011111000 + -1101?
-110100000101
In base 6, what is -1 + 233251?
233250
In base 16, what is 64252 + -5?
6424d
In base 4, what is 110002 - 312?
103030
In base 9, what is -203 + 4263?
4060
In base 10, what is 10974 - 43?
10931
In base 11, what is 6 + 10153?
10159
In base 9, what is -15 + 2185?
2170
In base 12, what is 494b - 168?
47a3
In base 11, what is 2a90 + 1?
2a91
In base 14, what is caaab - -4?
caab1
In base 2, what is 110101000110 - 10?
110101000100
In base 4, what is -21 - -2121221?
2121200
In base 6, what is -1512503 - -4?
-1512455
In base 4, what is 11013 - -10030?
21103
In base 4, what is -22030 + 233?
-21131
In base 11, what is -115 - 490?
-5a5
In base 13, what is 177 + -51a5?
-502b
In base 16, what is afa - 16d?
98d
In base 2, what is 110110001011001 - 10111?
110110001000010
In base 8, what is 1411 - 200?
1211
In base 2, what is 10 + -100001000001010?
-100001000001000
In base 11, what is 1 + -6974?
-6973
In base 15, what is -16 - -75d?
747
In base 14, what is c4 + -454?
-370
In base 5, what is 222 - 21130?
-20403
In base 2, what is -1000100011111010101000 + 1?
-1000100011111010100111
In base 2, what is 1 - -110011101101110101?
110011101101110110
In base 14, what is -546 + -187?
-6cd
In base 9, what is -5060 - -26?
-5033
In base 12, what is 2b + -183?
-154
In base 10, what is 232 + -24384?
-24152
In base 9, what is 6 + -201?
-184
In base 15, what is -46b5 + 8?
-46ac
In base 16, what is -3 - 1f19ea?
-1f19ed
In base 1